{"id":376,"date":"2023-01-27T08:59:25","date_gmt":"2023-01-27T07:59:25","guid":{"rendered":"https:\/\/nutzling.at\/widerrufsbelehrung\/"},"modified":"2023-01-29T16:30:06","modified_gmt":"2023-01-29T15:30:06","slug":"widerruf","status":"publish","type":"page","link":"https:\/\/nutzling.at\/home\/widerruf\/","title":{"rendered":"Widerruf"},"content":{"rendered":"<p>[et_pb_section fb_built=&#8221;1&#8243; admin_label=&#8221;Header&#8221; _builder_version=&#8221;4.19.5&#8243; _module_preset=&#8221;default&#8221; background_color=&#8221;#f4e0c5&#8243; custom_padding=&#8221;4px||2px|||&#8221; global_colors_info=&#8221;{}&#8221;][et_pb_row _builder_version=&#8221;4.19.5&#8243; _module_preset=&#8221;ee012a05-2865-49c9-8bb4-c4ad2c5d14f0&#8243; background_enable_color=&#8221;off&#8221; custom_padding=&#8221;13px|20px|20px|20px|false|false&#8221; global_colors_info=&#8221;{}&#8221;][et_pb_column type=&#8221;4_4&#8243; _builder_version=&#8221;4.16&#8243; _module_preset=&#8221;default&#8221; global_colors_info=&#8221;{}&#8221;][et_pb_text _builder_version=&#8221;4.19.5&#8243; _module_preset=&#8221;default&#8221; header_font=&#8221;Poppins|600|||||||&#8221; header_text_color=&#8221;#000000&#8243; header_font_size=&#8221;72px&#8221; header_line_height=&#8221;1.1em&#8221; header_3_font=&#8221;Poppins|600|||||||&#8221; header_3_text_color=&#8221;#719869&#8243; header_3_font_size=&#8221;30px&#8221; text_orientation=&#8221;center&#8221; header_font_size_tablet=&#8221;40px&#8221; header_font_size_phone=&#8221;26px&#8221; header_font_size_last_edited=&#8221;on|phone&#8221; locked=&#8221;off&#8221; global_colors_info=&#8221;{}&#8221;]<\/p>\n<h3><strong>Widerrufsbelehrung<\/strong><\/h3>\n<p>[\/et_pb_text][\/et_pb_column][\/et_pb_row][et_pb_row column_structure=&#8221;1_2,1_2&#8243; _builder_version=&#8221;4.19.5&#8243; _module_preset=&#8221;ee012a05-2865-49c9-8bb4-c4ad2c5d14f0&#8243; background_enable_color=&#8221;off&#8221; global_colors_info=&#8221;{}&#8221; custom_margin=&#8221;30px|auto|50px|auto|false|false&#8221;][et_pb_column type=&#8221;1_2&#8243; _builder_version=&#8221;4.16&#8243; _module_preset=&#8221;default&#8221; global_colors_info=&#8221;{}&#8221;][et_pb_text _builder_version=&#8221;4.16&#8243; _module_preset=&#8221;default&#8221; text_font=&#8221;Poppins|300|||||||&#8221; text_text_color=&#8221;#000000&#8243; global_colors_info=&#8221;{}&#8221;]<\/p>\n<p><strong>Verbraucher haben ein vierzehnt\u00e4giges Widerrufsrecht.<\/strong><\/p>\n<p>Sie haben das Recht, binnen vierzehn Tagen ohne Angabe von Gr\u00fcnden diesen Vertrag zu widerrufen. Die Widerrufsfrist betr\u00e4gt vierzehn Tage ab dem Tag an dem Sie oder ein von Ihnen benannter Dritter, der nicht der Bef\u00f6rderer ist, die Waren in Besitz genommen haben bzw. hat.<\/p>\n<p>Um Ihr Widerrufsrecht auszu\u00fcben, m\u00fcssen Sie uns,<\/p>\n<p><strong>Digiforce Digiatlagentur e.U.,<\/strong><br \/><strong>Josef Ressel Stra\u00dfe 4,<\/strong><br \/><strong>9100 V\u00f6lkermarkt,<\/strong><br \/><strong>\u00d6sterreich,<\/strong><\/p>\n<p>mittels einer eindeutigen Erkl\u00e4rung (z.B. ein mit der Post versandter Brief, Telefax oder E-Mail) \u00fcber Ihren Entschluss, diesen Vertrag zu widerrufen, informieren. Sie k\u00f6nnen daf\u00fcr das beigef\u00fcgte Muster-Widerrufsformular verwenden, welches\u00a0 jedoch nicht vorgeschrieben oder eine andere eindeutige Erkl\u00e4rung \u00fcbermitteln. Machen Sie von dieser M\u00f6glichkeit Gebrauch, so werden wir Ihnen unverz\u00fcglich per E-Mail eine Best\u00e4tigung \u00fcber den Eingang eines solchen Widerrufs \u00fcbermitteln.<\/p>\n<p>Zur Wahrung der Widerrufsfrist reicht es aus, dass Sie die Mitteilung \u00fcber die Aus\u00fcbung des Widerrufsrechts vor Ablauf der Widerrufsfrist absenden.<\/p>\n<p>[\/et_pb_text][\/et_pb_column][et_pb_column type=&#8221;1_2&#8243; _builder_version=&#8221;4.16&#8243; _module_preset=&#8221;default&#8221; global_colors_info=&#8221;{}&#8221;][et_pb_text _builder_version=&#8221;4.16&#8243; _module_preset=&#8221;default&#8221; text_font=&#8221;Poppins|300|||||||&#8221; text_text_color=&#8221;#000000&#8243; global_colors_info=&#8221;{}&#8221;]<\/p>\n<p><strong>Folgen des Widerrufs<\/strong><\/p>\n<p>Wenn Sie diesen Vertrag widerrufen, haben wir Ihnen alle Zahlungen, die wir von Ihnen erhalten haben, einschlie\u00dflich der Lieferkosten (mit Ausnahme der zus\u00e4tzlichen Kosten, die sich daraus ergeben, dass Sie eine andere Art der Lieferung als die von uns angebotene, g\u00fcnstigste Standardlieferung gew\u00e4hlt haben), unverz\u00fcglich und sp\u00e4testens binnen vierzehn Tagen ab dem Tag zur\u00fcckzuzahlen, an dem die Mitteilung \u00fcber Ihren Widerruf dieses Vertrags bei uns eingegangen ist. F\u00fcr diese R\u00fcckzahlung verwenden wir dasselbe Zahlungsmittel, das Sie bei der urspr\u00fcnglichen Transaktion eingesetzt haben, es sei denn, mit Ihnen wurde ausdr\u00fccklich etwas anderes vereinbart; in keinem Fall werden Ihnen wegen dieser R\u00fcckzahlung Entgelte berechnet. Wir k\u00f6nnen die R\u00fcckzahlung verweigern, bis wir die Waren wieder zur\u00fcckerhalten haben oder bis Sie den Nachweis erbracht haben, dass Sie die Waren zur\u00fcckgesandt haben, je nachdem, welches der fr\u00fchere Zeitpunkt ist.<\/p>\n<p>Sie haben die Waren unverz\u00fcglich und in jedem Fall sp\u00e4testens binnen vierzehn Tagen ab dem Tag, an dem Sie uns \u00fcber den Widerruf dieses Vertrags unterrichten, an uns zur\u00fcckzusenden oder zu \u00fcbergeben. Die Frist ist gewahrt, wenn Sie die Waren vor Ablauf der Frist von vierzehn Tagen absenden. Sie tragen die unmittelbaren Kosten der R\u00fccksendung der Waren. Sie m\u00fcssen f\u00fcr einen etwaigen Wertverlust der Waren nur aufkommen, wenn dieser Wertverlust auf einen zur Pr\u00fcfung der Beschaffenheit, Eigenschaften und Funktionsweise der Waren nicht notwendigen Umgang mit ihnen zur\u00fcckzuf\u00fchren ist.<\/p>\n<p>[\/et_pb_text][\/et_pb_column][\/et_pb_row][et_pb_row column_structure=&#8221;1_2,1_2&#8243; _builder_version=&#8221;4.19.5&#8243; _module_preset=&#8221;ee012a05-2865-49c9-8bb4-c4ad2c5d14f0&#8243; background_enable_color=&#8221;off&#8221; max_height=&#8221;1034px&#8221; custom_margin=&#8221;30px|auto|3px|auto|false|false&#8221; custom_padding=&#8221;5px|20px|30px|20px|false|false&#8221; global_colors_info=&#8221;{}&#8221;][et_pb_column type=&#8221;1_2&#8243; _builder_version=&#8221;4.16&#8243; _module_preset=&#8221;default&#8221; global_colors_info=&#8221;{}&#8221;][et_pb_image src=&#8221;https:\/\/nutzling.at\/wp-content\/uploads\/2023\/01\/Widerrufsformular-1-pdf.jpg&#8221; title_text=&#8221;Widerrufsformular&#8221; _builder_version=&#8221;4.16&#8243; _module_preset=&#8221;default&#8221; global_colors_info=&#8221;{}&#8221;][\/et_pb_image][\/et_pb_column][et_pb_column type=&#8221;1_2&#8243; _builder_version=&#8221;4.16&#8243; _module_preset=&#8221;default&#8221; global_colors_info=&#8221;{}&#8221;][et_pb_text _builder_version=&#8221;4.16&#8243; _module_preset=&#8221;default&#8221; text_font=&#8221;Poppins|300|||||||&#8221; text_text_color=&#8221;#000000&#8243; global_colors_info=&#8221;{}&#8221;]<\/p>\n<p><strong>Hinweise f\u00fcr eine m\u00f6glichst reibungslose Abwicklung der R\u00fccksendung<\/strong><\/p>\n<p>Bitte schicken Sie den Artikel nach M\u00f6glichkeit vollst\u00e4ndig in der Originalverpackung an uns zur\u00fcck. Benutzen Sie bitte den R\u00fccksendeschein (bitte R\u00fccksendegrund eintragen) und legen Sie ihn dem Paket bei. Die Nutzung des R\u00fccksendescheins sowie der Originalverpackung ist keine Voraussetzung f\u00fcr die Geltendmachung Ihres Rechts, vereinfacht und sichert f\u00fcr uns aber die Abwicklung.<\/p>\n<p>Verwenden Sie f\u00fcr Ihre R\u00fccksendungen bitte den Retouren-Aufkleber und lassen Sie sich den Retouren-Einlieferschein f\u00fcr Ihre Unterlagen bei der Post abstempeln. Die Nutzung des Retouren-Aufklebers ist keine Voraussetzung f\u00fcr die Geltendmachung Ihres Rechts, vereinfacht und sichert f\u00fcr uns aber die Abwicklung.<\/p>\n<p>Wenn Sie nur einen Artikel aus der Lieferung zur\u00fccksenden m\u00f6chten, jedoch weitere Artikel bestellt haben, die Sie nun per Rechnung bezahlen m\u00f6chten, ziehen Sie den Artikel, den Sie zur\u00fcckgegeben haben, einfach vom Rechnungsbetrag ab. Wenn Sie per Bankeinzug bezahlen, wird der Preis f\u00fcr den zur\u00fcckgesendeten Artikel automatisch nicht berechnet.<\/p>\n<p>[\/et_pb_text][et_pb_text _builder_version=&#8221;4.16&#8243; _module_preset=&#8221;default&#8221; text_font=&#8221;Poppins|300|||||||&#8221; text_text_color=&#8221;#000000&#8243; global_colors_info=&#8221;{}&#8221;]<\/p>\n<p><strong>Der Verbraucher hat kein R\u00fccktrittsrecht bei Vertr\u00e4gen \u00fcber<\/strong><\/p>\n<p>Verbrauchers nach \u00a7\u00a010 FAGG sowie einer Best\u00e4tigung des Verbrauchers \u00fcber dessen Kenntnis vom Verlust des R\u00fccktrittsrechts bei vollst\u00e4ndiger Vertragserf\u00fcllung \u2013 noch vor Ablauf der R\u00fccktrittsfrist nach \u00a7\u00a011 FAGG mit der Ausf\u00fchrung der Dienstleistung begonnen hatte und die Dienstleistung sodann vollst\u00e4ndig erbracht wurde,<\/p>\n<p>Waren oder Dienstleistungen, deren Preis von Schwankungen auf dem Finanzmarkt abh\u00e4ngt, auf die der Unternehmer keinen Einfluss hat und die innerhalb der R\u00fccktrittsfrist auftreten k\u00f6nnen,<strong><br \/><\/strong><\/p>\n<p>Waren, die nach Kundenspezifikationen angefertigt werden oder eindeutig auf die pers\u00f6nlichen Bed\u00fcrfnisse zugeschnitten sind,<\/p>\n<p>Waren, die schnell verderben k\u00f6nnen oder deren Verfallsdatum schnell \u00fcberschritten w\u00fcrde,<\/p>\n<p>Waren, die versiegelt geliefert werden und aus Gr\u00fcnden des Gesundheitsschutzes oder aus Hygienegr\u00fcnden nicht zur R\u00fcckgabe geeignet sind, sofern deren Versiegelung nach der Lieferung entfernt wurde.<\/p>\n<p>[\/et_pb_text][\/et_pb_column][\/et_pb_row][\/et_pb_section]<\/p>\n","protected":false},"excerpt":{"rendered":"<p>WiderrufsbelehrungVerbraucher haben ein vierzehnt\u00e4giges Widerrufsrecht. Sie haben das Recht, binnen vierzehn Tagen ohne Angabe von Gr\u00fcnden diesen Vertrag zu widerrufen. Die Widerrufsfrist betr\u00e4gt vierzehn Tage ab dem Tag an dem Sie oder ein von Ihnen benannter Dritter, der nicht der Bef\u00f6rderer ist, die Waren in Besitz genommen haben bzw. hat. Um Ihr Widerrufsrecht auszu\u00fcben, m\u00fcssen [&hellip;]<\/p>\n","protected":false},"author":1,"featured_media":0,"parent":0,"menu_order":0,"comment_status":"closed","ping_status":"closed","template":"","meta":{"_et_pb_use_builder":"on","_et_pb_old_content":"","_et_gb_content_width":"","footnotes":""},"class_list":["post-376","page","type-page","status-publish","hentry"],"_links":{"self":[{"href":"https:\/\/nutzling.at\/home\/wp-json\/wp\/v2\/pages\/376","targetHints":{"allow":["GET"]}}],"collection":[{"href":"https:\/\/nutzling.at\/home\/wp-json\/wp\/v2\/pages"}],"about":[{"href":"https:\/\/nutzling.at\/home\/wp-json\/wp\/v2\/types\/page"}],"author":[{"embeddable":true,"href":"https:\/\/nutzling.at\/home\/wp-json\/wp\/v2\/users\/1"}],"replies":[{"embeddable":true,"href":"https:\/\/nutzling.at\/home\/wp-json\/wp\/v2\/comments?post=376"}],"version-history":[{"count":5,"href":"https:\/\/nutzling.at\/home\/wp-json\/wp\/v2\/pages\/376\/revisions"}],"predecessor-version":[{"id":623,"href":"https:\/\/nutzling.at\/home\/wp-json\/wp\/v2\/pages\/376\/revisions\/623"}],"wp:attachment":[{"href":"https:\/\/nutzling.at\/home\/wp-json\/wp\/v2\/media?parent=376"}],"curies":[{"name":"wp","href":"https:\/\/api.w.org\/{rel}","templated":true}]}}